{"id":1032,"date":"2025-04-06T12:09:23","date_gmt":"2025-04-06T12:09:23","guid":{"rendered":"https:\/\/kustvindenstugor.com\/?page_id=1032"},"modified":"2025-04-06T14:40:36","modified_gmt":"2025-04-06T14:40:36","slug":"hyra-ut-stuga-kalmar","status":"publish","type":"page","link":"https:\/\/kustvindenstugor.com\/?page_id=1032","title":{"rendered":""},"content":{"rendered":"\t\t<div data-elementor-type=\"wp-page\" data-elementor-id=\"1032\" class=\"elementor elementor-1032\">\n\t\t\t\t<div class=\"elementor-element elementor-element-80bf3df e-flex e-con-boxed e-con e-parent\" data-id=\"80bf3df\" data-element_type=\"container\">\n\t\t\t\t\t<div class=\"e-con-inner\">\n\t\t\t\t<div class=\"elementor-element elementor-element-0bdb86c elementor-mobile-align-left elementor-invisible elementor-widget elementor-widget-button\" data-id=\"0bdb86c\" data-element_type=\"widget\" data-settings=\"{&quot;_animation&quot;:&quot;fadeInDown&quot;}\" data-widget_type=\"button.default\">\n\t\t\t\t<div class=\"elementor-widget-container\">\n\t\t\t\t\t\t\t\t\t<div class=\"elementor-button-wrapper\">\n\t\t\t\t\t<a class=\"elementor-button elementor-button-link elementor-size-sm elementor-animation-sink\" href=\"#\">\n\t\t\t\t\t\t<span class=\"elementor-button-content-wrapper\">\n\t\t\t\t\t\t\t\t\t<span class=\"elementor-button-text\">Vi hyr ut fritidshus och bost\u00e4der i hela kalmar l\u00e4n. <br>kontakta oss f\u00f6r att bli sammarbetspartner<\/span>\n\t\t\t\t\t<\/span>\n\t\t\t\t\t<\/a>\n\t\t\t\t<\/div>\n\t\t\t\t\t\t\t\t<\/div>\n\t\t\t\t<\/div>\n\t\t\t\t\t<\/div>\n\t\t\t\t<\/div>\n\t\t<div class=\"elementor-element elementor-element-d2e95e6 e-flex e-con-boxed e-con e-parent\" data-id=\"d2e95e6\" data-element_type=\"container\">\n\t\t\t\t\t<div class=\"e-con-inner\">\n\t\t\t\t<div class=\"elementor-element elementor-element-c8c4c05 elementor-widget elementor-widget-heading\" data-id=\"c8c4c05\" data-element_type=\"widget\" data-widget_type=\"heading.default\">\n\t\t\t\t<div class=\"elementor-widget-container\">\n\t\t\t\t\t<h2 class=\"elementor-heading-title elementor-size-default\">\u00c5RETS SOMMARSTAD IGEN!<\/h2>\t\t\t\t<\/div>\n\t\t\t\t<\/div>\n\t\t\t\t<div class=\"elementor-element elementor-element-453e762 elementor-widget elementor-widget-text-editor\" data-id=\"453e762\" data-element_type=\"widget\" data-widget_type=\"text-editor.default\">\n\t\t\t\t<div class=\"elementor-widget-container\">\n\t\t\t\t\t\t\t\t\t<p class=\"\" data-start=\"250\" data-end=\"497\">Kalmar \u00e4r en riktig <strong data-start=\"270\" data-end=\"285\">sommarp\u00e4rla<\/strong> p\u00e5 Sveriges \u00f6stkust \u2013 d\u00e4r <strong data-start=\"312\" data-end=\"369\">historisk charm m\u00f6ter sk\u00e4rg\u00e5rdsliv och semesterk\u00e4nsla<\/strong>. H\u00e4r samsas medeltida stadsk\u00e4rna, slott med vallgravar och kullerstensgator med moderna restauranger, badbryggor och evenemang.<\/p>\t\t\t\t\t\t\t\t<\/div>\n\t\t\t\t<\/div>\n\t\t\t\t<div class=\"elementor-element elementor-element-6106c53 elementor-widget elementor-widget-heading\" data-id=\"6106c53\" data-element_type=\"widget\" data-widget_type=\"heading.default\">\n\t\t\t\t<div class=\"elementor-widget-container\">\n\t\t\t\t\t<h2 class=\"elementor-heading-title elementor-size-default\">Vad g\u00f6r Kalmar till en s\u00e5 unik sommarstad?<\/h2>\t\t\t\t<\/div>\n\t\t\t\t<\/div>\n\t\t\t\t<div class=\"elementor-element elementor-element-f0a82a9 elementor-widget elementor-widget-heading\" data-id=\"f0a82a9\" data-element_type=\"widget\" data-widget_type=\"heading.default\">\n\t\t\t\t<div class=\"elementor-widget-container\">\n\t\t\t\t\t<h2 class=\"elementor-heading-title elementor-size-default\">\ud83c\udff0 Kalmar Slott \u2013 En av Sveriges b\u00e4st bevarade ren\u00e4ssansborgar, vackert bel\u00e4gen vid havet.<br><br>\n\ud83c\udfd6 Stadsn\u00e4ra bad \u2013 L\u00e5nggrund sandstrand p\u00e5 Kattrumpan, bryggbad p\u00e5 Kalmarsundsparken, eller hopptorn p\u00e5 L\u00e5ngviken.<br><br>\n\ud83d\udeb2 Cykelv\u00e4nlig stad \u2013 Utforska med cykel l\u00e4ngs vattnet eller ta dig hela v\u00e4gen till \u00d6land via bron.<br><br>\n\ud83c\udf66 Glass &amp; fika i v\u00e4rldsklass \u2013 Mysiga caf\u00e9er, glassbarer och uteserveringar i varje h\u00f6rn.<br><br>\n\ud83c\udfad Sommarkv\u00e4llar &amp; evenemang \u2013 Musikfestivaler, marknader och utescener hela s\u00e4songen.<br><br>\n\ud83d\udecd Shopping &amp; hantverk \u2013 Sm\u00e5butiker, lokala designers och mysiga g\u00e5gator.<\/h2>\t\t\t\t<\/div>\n\t\t\t\t<\/div>\n\t\t\t\t\t<\/div>\n\t\t\t\t<\/div>\n\t\t<div class=\"elementor-element elementor-element-53f1948 e-flex e-con-boxed e-con e-parent\" data-id=\"53f1948\" data-element_type=\"container\">\n\t\t\t\t\t<div class=\"e-con-inner\">\n\t\t\t\t<div class=\"elementor-element elementor-element-bc0f2b5 elementor-widget elementor-widget-heading\" data-id=\"bc0f2b5\" data-element_type=\"widget\" data-widget_type=\"heading.default\">\n\t\t\t\t<div class=\"elementor-widget-container\">\n\t\t\t\t\t<h2 class=\"elementor-heading-title elementor-size-default\">V\u00e5r huvudmarknad \u00e4r Kalmar!<\/h2>\t\t\t\t<\/div>\n\t\t\t\t<\/div>\n\t\t\t\t<div class=\"elementor-element elementor-element-c6e9870 elementor-widget elementor-widget-text-editor\" data-id=\"c6e9870\" data-element_type=\"widget\" data-widget_type=\"text-editor.default\">\n\t\t\t\t<div class=\"elementor-widget-container\">\n\t\t\t\t\t\t\t\t\t<p>Har du ett fritidshus\/stuga i Kalmar omr\u00e5det? Vi hj\u00e4lper dig att f\u00e5 den uthyrd s\u00e5 du kan njuta av semestern p\u00e5 annan plats.<\/p>\t\t\t\t\t\t\t\t<\/div>\n\t\t\t\t<\/div>\n\t\t\t\t\t<\/div>\n\t\t\t\t<\/div>\n\t\t\t\t<\/div>\n\t\t","protected":false},"excerpt":{"rendered":"<p>Vi hyr ut fritidshus och bost\u00e4der i hela kalmar l\u00e4n. kontakta oss f\u00f6r att bli sammarbetspartner \u00c5RETS SOMMARSTAD IGEN! Kalmar \u00e4r en riktig sommarp\u00e4rla p\u00e5 Sveriges \u00f6stkust \u2013 d\u00e4r historisk charm m\u00f6ter sk\u00e4rg\u00e5rdsliv och semesterk\u00e4nsla. H\u00e4r samsas medeltida stadsk\u00e4rna, slott med vallgravar och kullerstensgator med moderna restauranger, badbryggor och evenemang. Vad g\u00f6r Kalmar till en [&hellip;]<\/p>\n","protected":false},"author":1,"featured_media":0,"parent":0,"menu_order":0,"comment_status":"closed","ping_status":"closed","template":"","meta":{"footnotes":""},"class_list":["post-1032","page","type-page","status-publish","hentry"],"_links":{"self":[{"href":"https:\/\/kustvindenstugor.com\/index.php?rest_route=\/wp\/v2\/pages\/1032","targetHints":{"allow":["GET"]}}],"collection":[{"href":"https:\/\/kustvindenstugor.com\/index.php?rest_route=\/wp\/v2\/pages"}],"about":[{"href":"https:\/\/kustvindenstugor.com\/index.php?rest_route=\/wp\/v2\/types\/page"}],"author":[{"embeddable":true,"href":"https:\/\/kustvindenstugor.com\/index.php?rest_route=\/wp\/v2\/users\/1"}],"replies":[{"embeddable":true,"href":"https:\/\/kustvindenstugor.com\/index.php?rest_route=%2Fwp%2Fv2%2Fcomments&post=1032"}],"version-history":[{"count":9,"href":"https:\/\/kustvindenstugor.com\/index.php?rest_route=\/wp\/v2\/pages\/1032\/revisions"}],"predecessor-version":[{"id":1067,"href":"https:\/\/kustvindenstugor.com\/index.php?rest_route=\/wp\/v2\/pages\/1032\/revisions\/1067"}],"wp:attachment":[{"href":"https:\/\/kustvindenstugor.com\/index.php?rest_route=%2Fwp%2Fv2%2Fmedia&parent=1032"}],"curies":[{"name":"wp","href":"https:\/\/api.w.org\/{rel}","templated":true}]}}

<div data-elementor-type="wp-page" data-elementor-id="1032" class="elementor elementor-1032">
				<div class="elementor-element elementor-element-80bf3df e-flex e-con-boxed e-con e-parent" data-id="80bf3df" data-element_type="container">
					<div class="e-con-inner">
				<div class="elementor-element elementor-element-0bdb86c elementor-mobile-align-left elementor-invisible elementor-widget elementor-widget-button" data-id="0bdb86c" data-element_type="widget" data-settings="{&quot;_animation&quot;:&quot;fadeInDown&quot;}" data-widget_type="button.default">
				<div class="elementor-widget-container">
									<div class="elementor-button-wrapper">
					<a class="elementor-button elementor-button-link elementor-size-sm elementor-animation-sink" href="#">
						<span class="elementor-button-content-wrapper">
									<span class="elementor-button-text">Vi hyr ut fritidshus och bostäder i hela kalmar län. <br>kontakta oss för att bli sammarbetspartner</span>
					</span>
					</a>
				</div>
								</div>
				</div>
					</div>
				</div>
		<div class="elementor-element elementor-element-d2e95e6 e-flex e-con-boxed e-con e-parent" data-id="d2e95e6" data-element_type="container">
					<div class="e-con-inner">
				<div class="elementor-element elementor-element-c8c4c05 elementor-widget elementor-widget-heading" data-id="c8c4c05" data-element_type="widget" data-widget_type="heading.default">
				<div class="elementor-widget-container">
					<h2 class="elementor-heading-title elementor-size-default">ÅRETS SOMMARSTAD IGEN!</h2>				</div>
				</div>
				<div class="elementor-element elementor-element-453e762 elementor-widget elementor-widget-text-editor" data-id="453e762" data-element_type="widget" data-widget_type="text-editor.default">
				<div class="elementor-widget-container">
									<p class="" data-start="250" data-end="497">Kalmar är en riktig <strong data-start="270" data-end="285">sommarpärla</strong> på Sveriges östkust – där <strong data-start="312" data-end="369">historisk charm möter skärgårdsliv och semesterkänsla</strong>. Här samsas medeltida stadskärna, slott med vallgravar och kullerstensgator med moderna restauranger, badbryggor och evenemang.</p>								</div>
				</div>
				<div class="elementor-element elementor-element-6106c53 elementor-widget elementor-widget-heading" data-id="6106c53" data-element_type="widget" data-widget_type="heading.default">
				<div class="elementor-widget-container">
					<h2 class="elementor-heading-title elementor-size-default">Vad gör Kalmar till en så unik sommarstad?</h2>				</div>
				</div>
				<div class="elementor-element elementor-element-f0a82a9 elementor-widget elementor-widget-heading" data-id="f0a82a9" data-element_type="widget" data-widget_type="heading.default">
				<div class="elementor-widget-container">
					<h2 class="elementor-heading-title elementor-size-default">🏰 Kalmar Slott – En av Sveriges bäst bevarade renässansborgar, vackert belägen vid havet.<br><br>
🏖 Stadsnära bad – Långgrund sandstrand på Kattrumpan, bryggbad på Kalmarsundsparken, eller hopptorn på Långviken.<br><br>
🚲 Cykelvänlig stad – Utforska med cykel längs vattnet eller ta dig hela vägen till Öland via bron.<br><br>
🍦 Glass &amp; fika i världsklass – Mysiga caféer, glassbarer och uteserveringar i varje hörn.<br><br>
🎭 Sommarkvällar &amp; evenemang – Musikfestivaler, marknader och utescener hela säsongen.<br><br>
🛍 Shopping &amp; hantverk – Småbutiker, lokala designers och mysiga gågator.</h2>				</div>
				</div>
					</div>
				</div>
		<div class="elementor-element elementor-element-53f1948 e-flex e-con-boxed e-con e-parent" data-id="53f1948" data-element_type="container">
					<div class="e-con-inner">
				<div class="elementor-element elementor-element-bc0f2b5 elementor-widget elementor-widget-heading" data-id="bc0f2b5" data-element_type="widget" data-widget_type="heading.default">
				<div class="elementor-widget-container">
					<h2 class="elementor-heading-title elementor-size-default">Vår huvudmarknad är Kalmar!</h2>				</div>
				</div>
				<div class="elementor-element elementor-element-c6e9870 elementor-widget elementor-widget-text-editor" data-id="c6e9870" data-element_type="widget" data-widget_type="text-editor.default">
				<div class="elementor-widget-container">
									<p>Har du ett fritidshus/stuga i Kalmar området? Vi hjälper dig att få den uthyrd så du kan njuta av semestern på annan plats.</p>								</div>
				</div>
					</div>
				</div>
				</div>

<p>Vi hyr ut fritidshus och bostäder i hela kalmar län. kontakta oss för att bli sammarbetspartner ÅRETS SOMMARSTAD IGEN! Kalmar är en riktig sommarpärla på Sveriges östkust – där historisk charm möter skärgårdsliv och semesterkänsla. Här samsas medeltida stadskärna, slott med vallgravar och kullerstensgator med moderna restauranger, badbryggor och evenemang. Vad gör Kalmar till en [&hellip;]</p>
